 + 52/14. Suppose -5*z - 23 = t, n*z + 12 = -3*t - t. Determine x(t).
-2
Let d(s) be the third derivative of -s**4/12 + s**3/2 - 266*s**2. Give d(-2).
7
Suppose 4 = 5*g - 6. Let l(i) = 5*i + g*i**2 - 7*i**2 + 2*i**2 + 4*i**2 - 1. Give l(-4).
-5
Let r(z) = -2*z + 6. Let o(n) be the third derivative of -n**5/60 + n**4/8 + n**3 + n**2. Let f be o(6). Let b be 20/f*36/(-10). Calculate r(b).
-6
Let w(i) = 9*i**3 - 4*i**2 - 8*i + 13. Let r be w(1). Let v(q) = -q + 23. Calculate v(r).
13
Let g(h) = -3*h**3 + h**2 - 6. Let a(s) = 1. Let z(i) = -6*a(i) - g(i). Let l be (0 + 2/1)/(-2). Calculate z(l).
-4
Let j(p) = p**3 - p**2 + 15. Suppose -5*v + 0 = -15. Suppose m = v*f + 15, 2 = 4*m + 3*f + 17. Give j(m).
15
Let y(v) = v + 5. Let r be y(-4). Suppose -2*b - s + 7 = -6*b, -3*s - r = -b. Let w(t) = -13496 + 168*t - 172*t + 13496. Calculate w(b).
8
Let d(i) = -i**2 - 6*i + 2. Let n be 2 - -9 - (0 - 1). Suppose -5*o - 23 = n. Calculate d(o).
-5
Let s(x) = -3*x**2 + 3*x + 336 - 167 - x**3 - 167. Let y = -2 - 3. Let n = y - -1. Give s(n).
6
Let x(d) = -38*d - 576. Let n be x(-15). Let v(l) = -11*l - 7. Calculate v(n).
59
Let o(a) = -a. Suppose -39 = -5*l + 3*y, -2*y = -2*l + 25 - 7. Suppose c + 3*i = -l - 8, 18 = -3*c - i. Give o(c).
5
Let j(t) = -t**3 - 4*t**2 + 7*t + 1. Let m(b) = b**3 + 4*b**2 - 6*b - 1. Let y(d) = 4*j(d) + 5*m(d). Determine y(-4).
7
Let l(o) be the second derivative of -o**6/120 + o**5/12 - o**3 - 35*o**2/2 + 37*o. Let k(c) be the first derivative of l(c). Give k(5).
-6
Let v = 28 - 21. Let g(r) = 6*r + 3. Let n(m) = 5*m + 2. Let u(y) = v*n(y) - 6*g(y). Determine u(-5).
1
Let s(c) = c**2 - 5*c + 53 + 54 - 106. Calculate s(6).
7
Let u(l) be the third derivative of -l**6/120 + l**5/6 - l**4/4 + 7*l**3/6 + 73*l**2. What is u(9)?
34
Let w(a) be the second derivative of -a**8/6720 + a**7/840 - a**6/360 + a**5/30 + 4*a**4/3 - 7*a. Let q(i) be the third derivative of w(i). Give q(3).
-2
Let w(g) = 2*g**3 + 3*g**2 + 4*g + 9. Let p(h) = -h**3 - 2*h**2 - h - 4. Let x(v) = 9*p(v) + 4*w(v). Determine x(-6).
-42
Let i(q) be the second derivative of -q**5/20 + 5*q**4/12 + q**3/6 - 2*q**2 - 9*q - 3. Give i(5).
1
Suppose -5*k = 4*v, 8*v - 6*v = 3*k. Let d(h) = h**3 + h**2 - h + 2. What is d(k)?
2
Let z(p) = p**3 - p. Let i be z(-1). Suppose -q = -5*k + 4*q - 10, -2*q = i. Let n(a) be the second derivative of a**3/3 + 117*a. Give n(k).
-4
Let i(r) = 3*r - 4. Let x(y) = 2*y**3 - 17*y**2 - 6*y - 21. Let c be x(9). What is i(c)?
14
Let h(q) = -7*q + 1. Let t be 1/(-4) + 205/4. Let b = t - 21. Suppose -4*k + 2*f - 12 = -b, -f - 3 = k. Determine h(k).
-13
Let o(k) = -k + 10. Suppose 6*i - 37 + 7 = 0. Suppose -s - 4*g + 25 = 0, g - 40 = -i*s - 2*g. Calculate o(s).
5
Let p be ((-2)/(-6))/(1/9). Let v(k) = p*k - 5*k + 0*k + 0*k. Suppose 2*g - 2 = -3*d + 3, -3*d + 3*g = 0. Calculate v(d).
-2
Let l(c) = 2*c - 34. Let y be l(18). Let h(g) be the first derivative of -2*g**y + 3*g - 3 + 2/3*g**3. Give h(2).
3
Let y = 16 - 11. Let n(u) = -7*u + 8. Let a(q) = 6*q - 7. Let l(c) = c**2 - 5*c. Let j be l(6). Let v(p) = j*a(p) + y*n(p). Give v(5).
3
Let m(j) be the first derivative of 0*j**2 + j - 4 + 0*j**3 + 3/2*j**4. Determine m(-1).
-5
Let a(d) = 13*d + 10. Let f(l) = 27*l + 24. Let p(z) = -7*a(z) + 3*f(z). What is p(-2)?
22
Let y(s) be the third derivative of -1/60*s**5 + 0*s**3 - 7*s**2 - 1/24*s**4 + 0 + 0*s. Calculate y(-1).
0
Let k(u) be the first derivative of 1/2*u**2 - 16 - u. Suppose 3*i + 2*j + 18 = 3*j, -2*i + 3*j - 19 = 0. Determine k(i).
-6
Let i(y) = 3 - 3*y - 3*y**2 + 0*y - 2*y + 2*y**2. Determine i(-7).
-11
Let q(k) = -3*k**2 + 3*k - 5. Let s(r) = -4*r**2 + 3*r - 5. Let c(w) = 5*q(w) - 4*s(w). What is c(-6)?
13
Suppose -2*t - t + 9 = 0. Let b(d) = -4*d**2 + 5*d**2 + 0*d**2 + t + 5*d. Let s = 2801 + -2805. Determine b(s).
-1
Let t(c) = c**2 + 3. Suppose -3*z - 17 + 5 = 4*m, -2*m + 2*z = -8. What is t(m)?
3
Let u be (55/(-15))/(1/(-6)). Let o = -20 + u. Suppose o*f + f = 0. Let a(d) = d**2 - 8. Calculate a(f).
-8
Let r(c) be the first derivative of c**6/360 - c**5/30 - c**4/3 + 19*c**3/3 + 1. Let y(x) be the third derivative of r(x). Determine y(7).
13
Let s = 149 - 149. Let z(y) = -2*y**3 + y - 1. Give z(s).
-1
Let s be 50 + -1 + (-4)/(-1). Suppose -5*x - 18 = -s. Let n(i) = i**3 - 8*i**2 + 8*i - 7. Determine n(x).
0
Let j(q) = 0 - 14*q + 32*q - 13 - q**3 + 16*q**2. Let u be 1/3 - 100/(-6). Let o be j(u). Let s(h) = -h**2 + 2*h. Give s(o).
-8
Let x(z) = -3*z**3 - 2*z**2 + 7*z + 2. Let r(s) = -7*s**3 - 3*s**2 + 14*s + 6. Let v(m) = 2*r(m) - 5*x(m). Give v(-5).
12
Let x(n) = n + 3. Let g(q) = 2*q - 6. Let f be g(2). Let m be (42/9)/(4/(-6)). Let k(r) = -1. Let h(u) = f*x(u) + m*k(u). Give h(3).
-5
Suppose 0*t - 3 = t - 2*f, 4*t + f + 3 = 0. Let d be t/(-3) - (-8)/3. Suppose -d*o + o - 26 = -4*l, 4*o - 5*l + 40 = 0. Let p(v) = 3*v + 1. Give p(o).
-14
Let r be (47/94)/(1/12). Let k(g) = 2*g**2 - 2*g - 1. Let l be k(-1). Let y(b) = -5*b + 0*b**3 + 7*b**2 - b**3 - l*b + 7. Give y(r).
-5
Suppose -5*j = 3*q - 27, -4*j + 2*q + 3*q - 8 = 0. Let y(m) = -6*m + 4. Give y(j).
-14
Suppose -72*x - 12 = -70*x. Let r(b) = -3*b - 15. Calculate r(x).
3
Let h(d) = 7*d**2 - 24*d**2 + 7*d**2 + 9*d**2. Calculate h(-2).
-4
Let v(b) = -2*b + 7. Let t be v(5). Let o(a) = a + 18. Let f(c) = c + 19. Let y(k) = t*f(k) + 4*o(k). Determine y(-9).
6
Let i(n) be the second derivative of -1/2*n**2 + 1/6*n**3 + 4/3*n**4 + 0 + 5*n. Let m(v) = -2*v - 13. Let x be m(-7). What is i(x)?
16
Let m(a) = -a**3 - 7*a**2 + 8*a - 8. Let g = -89 - -81. Calculate m(g).
-8
Let j(a) = a**3 + 3*a**2 - 3*a - 6. Let d(n) = n**2 + 10*n. Let c be d(-10). Suppose c = 3*g + g + 16. Give j(g).
-10
Let q(w) = -w**3 - 2*w - 1 + 6*w**3 - 2*w**3. Let c(a) = a**2 - 9*a + 7. Let u be c(1). Calculate q(u).
-2
Let l be (6/2 + -1)*2. Suppose l*f - 7 = 41. Suppose b = 5*b - 4*c - 24, b - 4*c - f = 0. Let g(q) = q + 2. Determine g(b).
6
Let g(d) = 2*d**2 + d. Let y be 98/(-42) + (-1)/(-3). Suppose -2*t + 0 - 8 = 0. Let q = t - y. Determine g(q).
6
Let b(j) be the second derivative of j**4/12 + j**3 + 2*j**2 + 2*j. Let i = 301 + -305. Calculate b(i).
-4
Let b be 0 - (-1)/((-3)/(-81)). Let y be b/(-12) - 1/(-4). Let g(x) = -x**2 - 38 - 42 + 78 - x. Determine g(y).
-4
Let o(r) be the third derivative of 7*r**4/24 - r**3/6 + 26*r**2. Let f be o(-1). Let b(z) = -z**3 - 7*z**2 + 8*z + 3. Give b(f).
3
Let g(n) = n**3 - 2*n**2 + 2*n - 3. Let r = -105 - -107. Determine g(r).
1
Suppose 3 = -3*l, 3*p + l - 2*l = 7. Let n(q) = 5*q**p - q**3 - 9 - 11 + 25 - 5*q. Calculate n(5).
-20
Let l(j) = 9*j - 2. Let i(g) = 5*g - 1. Let z(o) = -11*i(o) + 6*l(o). Let k be z(-10). Suppose k = y - 2*t - 6, -2*y + t + 15 = 0. Let s(r) = r - 4. Give s(y).
1
Suppose -2*k - 4*m - 22 = -3*k, 3*k = 4*m + 26. Let i = -4 + 5. Let y(n) = -i - 3*n**3 + 4*n**2 - n + 1 - 2. Give y(k).
-12
Let b(o) be the second derivative of -o**4/2 - o**3/6 - 306*o. Suppose h + 2 = 0, -3*h + 7*h + 10 = 2*f. Determine b(f).
-7
Let r(h) = -2. Let q(l) = -l**2 + 2*l. Let i(x) = q(x) - 2*r(x). Determine i(4).
-4
Let w(a) = 15*a**2 - 9*a - 5. Let s(d) = -8*d**2 + 5*d + 3. Let z = 101 + -104. Let t(h) = z*w(h) - 5*s(h). Give t(2).
-16
Let h be (-48)/21 + 2 + (-23)/(-7). Let q(l) = -36 - l**2 - h*l - l + 37. Determine q(-2).
5
Let h be (12/36)/((-5)/(-45)). Let q(f) = -f - 13. What is q(h)?
-16
Let y(j) be the second derivative of j**4/24 + 5*j**3/6 - 9*j**2 + 5*j. Let a(h) be the first derivative of y(h). Determine a(7).
12
Suppose -4*n + 22 = -3*f - 21, 3*n - 4*f = 41. Let o(c) = c**3 - 7*c**2 + c + 4. What is o(n)?
11
Let n = -1484 - -1476. Let k(o) = -o**2 - 9*o - 6. What is k(n)?
2
Let u(a) = -a**2 - 2*a + 1. Suppose 2*r - 3*m + 25 = 0, r + 3*m + 5 = 15. What is u(r)?
-14
Let y(q) = -5*q**2 - 33*q + 1. Let d(c) = -c**2 - 8*c. Let g(m) = 9*d(m) - 2*y(m). What is g(5)?
-7
Let d be (-450)/40*16/6. Let j = -32 - d. Let h(a) = -3*a**3 - 3*a**2 - a + 1. Give h(j).
15
Let g(i) = -i**2 - 7*i - 5. Let s be g(-7). Suppose 0 = 5*r + b + 6, 2*r = 4*b + 13 - 33. Let y be (s - r)*(-10)/6. Let c(w) = -w**2 + 5*w - 1. Give c(y).
-1
Let d(u) = -2*u**3 + 20*u**2 - u + 4. Let h be d(10). Let i(z) = z**3 + 6*z**2 - 8. Determine i(h).
-8
Suppose -4 = -2*u + 2. Suppose 4*l = -n - u - 11, 5*n - 2*l